t is the ten thousands digit of 15369?
1
What is the thousands digit of 9330?
9
What is the thousands digit of 35144?
5
What is the ten thousands digit of 27104?
2
What is the tens digit of 878?
7
What is the hundreds digit of 1751?
7
What is the tens digit of 17783?
8
What is the units digit of 3265?
5
What is the thousands digit of 8366?
8
What is the tens digit of 13659?
5
What is the units digit of 37364?
4
What is the units digit of 29486?
6
What is the tens digit of 4613?
1
What is the thousands digit of 5010?
5
What is the units digit of 53067?
7
What is the thousands digit of 2340?
2
What is the hundreds digit of 18117?
1
What is the units digit of 192?
2
What is the units digit of 15509?
9
What is the hundreds digit of 96569?
5
What is the units digit of 146?
6
What is the units digit of 4164?
4
What is the tens digit of 916?
1
What is the hundreds digit of 32112?
1
What is the hundreds digit of 4491?
4
What is the tens digit of 183?
8
What is the thousands digit of 33753?
3
What is the thousands digit of 1108?
1
What is the thousands digit of 1423?
1
What is the units digit of 497?
7
What is the units digit of 15?
5
What is the ten thousands digit of 70722?
7
What is the hundreds digit of 6171?
1
What is the units digit of 553?
3
What is the tens digit of 1799?
9
What is the units digit of 138?
8
What is the hundreds digit of 1669?
6
What is the thousands digit of 2281?
2
What is the hundreds digit of 396?
3
What is the ten thousands digit of 65083?
6
What is the units digit of 56151?
1
What is the tens digit of 65?
6
What is the hundreds digit of 1876?
8
What is the units digit of 513?
3
What is the units digit of 8563?
3
What is the thousands digit of 1201?
1
What is the tens digit of 2171?
7
What is the tens digit of 179?
7
What is the thousands digit of 45359?
5
What is the tens digit of 5057?
5
What is the thousands digit of 3980?
3
What is the ten thousands digit of 30399?
3
What is the units digit of 117?
7
What is the tens digit of 873?
7
What is the hundreds digit of 4862?
8
What is the tens digit of 143118?
1
What is the hundreds digit of 607?
6
What is the hundreds digit of 198?
1
What is the tens digit of 32951?
5
What is the tens digit of 376?
7
What is the units digit of 1680?
0
What is the units digit of 93766?
6
What is the tens digit of 1581?
8
What is the units digit of 2926?
6
What is the thousands digit of 2028?
2
What is the hundreds digit of 39391?
3
What is the tens digit of 350?
5
What is the hundreds digit of 2303?
3
What is the hundreds digit of 2122?
1
What is the thousands digit of 4195?
4
What is the hundreds digit of 4930?
9
What is the thousands digit of 1273?
1
What is the tens digit of 105?
0
What is the tens digit of 716?
1
What is the thousands digit of 72615?
2
What is the units digit of 720?
0
What is the tens digit of 6070?
7
What is the thousands digit of 14638?
4
What is the hundreds digit of 67217?
2
What is the hundreds digit of 162?
1
What is the units digit of 1858?
8
What is the tens digit of 7042?
4
What is the units digit of 9335?
5
What is the units digit of 7678?
8
What is the tens digit of 8339?
3
What is the units digit of 879?
9
What is the tens digit of 1343?
4
What is the tens digit of 1997?
9
What is the hundreds digit of 2589?
5
What is the hundreds digit of 696?
6
What is the hundreds digit of 10285?
2
What is the units digit of 142452?
2
What is the units digit of 46960?
0
What is the units digit of 4236?
6
What is the thousands digit of 2667?
2
What is the units digit of 1475?
5
What is the units digit of 9014?
4
What is the units digit of 5090?
0
What is the hundreds digit of 21192?
1
What is the ten thousands digit of 156715?
5
What is the units digit of 7620?
0
What is the units digit of 804?
4
What is the tens digit of 5995?
9
What is the thousands digit of 9207?
9
What is the units digit of 8592?
2
What is the thousands digit of 3054?
3
What is the ten thousands digit of 76135?
7
What is the units digit of 19091?
1
What is the hundreds digit of 28050?
0
What is the units digit of 13438?
8
What is the units digit of 77927?
7
What is the units digit of 6114?
4
What is the tens digit of 86525?
2
What is the hundreds digit of 13676?
6
What is the tens digit of 62302?
0
What is the units digit of 9252?
2
What is the thousands digit of 194829?
4
What is the hundreds digit of 82995?
9
What is the thousands digit of 5442?
5
What is the units digit of 1893?
3
What is the hundreds digit of 20982?
9
What is the thousands digit of 1099?
1
What is the hundreds digit of 3443?
4
What is the units digit of 11482?
2
What is the ten thousands digit of 88291?
8
What is the units digit of 612?
2
What is the hundreds digit of 224?
2
What is the tens digit of 5746?
4
What is the thousands digit of 3460?
3
What is the thousands digit of 84654?
4
What is the thousands digit of 2448?
2
What is the ten thousands digit of 167702?
6
What is the units digit of 4501?
1
What is the thousands digit of 2575?
2
What is the units digit of 13381?
1
What is the ten thousands digit of 16109?
1
What is the units digit of 1146?
6
What is the thousands digit of 11230?
1
What is the units digit of 9270?
0
What is the hundreds digit of 630?
6
What is the tens digit of 2913?
1
What is the tens digit of 6535?
3
What is the units digit of 50235?
5
What is the tens digit of 106467?
6
What is the units digit of 103680?
0
What is the thousands digit of 18935?
8
What is the units digit of 328?
8
What is the ten thousands digit of 10424?
1
What is the thousands digit of 23915?
3
What is the units digit of 410?
0
What is the hundreds digit of 2420?
4
What is the thousands digit of 1585?
1
What is the hundreds digit of 6985?
9
What is the ten thousands digit of 84945?
8
What is the hundreds digit of 13828?
8
What is the hundreds digit of 1228?
2
What is the thousands digit of 4104?
4
What is the tens digit of 13071?
7
What is the ten thousands digit of 52964?
5
What is the hundreds digit of 500?
5
What is the thousands digit of 2353?
2
What is the tens digit of 261?
6
What is the tens digit of 51183?
8
What is the units digit of 11200?
0
What is the hundreds digit of 35893?
8
What is the units digit of 19149?
9
What is the units digit of 11421?
1
What is the units digit of 424?
4
What is the thousands digit of 3177?
3
What is the ten thousands digit of 20662?
2
What is the units digit of 52166?
6
What is the tens digit of 590?
9
What is the thousands digit of 3361?
3
What is the thousands digit of 16877?
6
What is the hundreds digit of 2546?
5
What is the tens digit of 5022?
2
What is the units digit of 8319?
9
What is the units digit of 529?
9
What is the units digit of 8995?
5
What is the thousands digit of 17208?
7
What is the tens digit of 86172?
7
What is the hundreds digit of 3486?
4
What is the hundreds digit of 2538?
5
What is the hundreds digit of 2131?
1
What is the units digit of 3080?
0
What is the hundreds digit of 237?
2
What is the tens digit of 153?
5
What is the thousands digit of 31914?
1
What is the units digit of 141554?
4
What is the units digit of 462?
2
What is the ten thousands digit of 43460?
4
What is the tens digit of 2659?
5
What is the units digit of 2639?
9
What is the tens digit of 5086?
8
What is the hundreds digit of 5394?
3
What is the units digit of 49969?
9
What is the units digit of 324?
4
What is the ten thousands digit of 40636?
4
What is the thousands digit of 12061?
2
What is the tens digit of 372?
7
What is the thousands digit of 18823?
8
What is the tens digit of 8982?
8
What is the units digit of 16456?
6
What is the hundreds digit of 1787?
7
What is the units digit of 2472?
2
What is the thousands digit of 50312?
0
What is the tens digit of 750?
5
What is the thousands digit of 21448?
1
What is the hundreds digit of 6911?
9
What is the hundreds digit of 90364?
3
What is the hundreds digit of 4679?
6
What is the units digit of 370?
0
What is the hundreds digit of 1697?
6
What is the thousands digit of 41920?
1
What is the tens digit of 193?
9
What is the hundreds digit of 900?
9
What is the tens digit of 28222?
2
What is the tens digit of 107939?
3
What is the hundreds digit of 22258?
2
What is the thousands digit of 1729?
1
What is the thousands digit of 2313?
2
What is the